{"id":399,"date":"2020-03-24T18:14:52","date_gmt":"2020-03-24T17:14:52","guid":{"rendered":"https:\/\/hpr-im.com\/?page_id=399"},"modified":"2020-03-25T11:58:05","modified_gmt":"2020-03-25T10:58:05","slug":"redactionnel","status":"publish","type":"page","link":"https:\/\/hpr-im.com\/?page_id=399","title":{"rendered":"R\u00e9dactionnel"},"content":{"rendered":"\t\t<div data-elementor-type=\"wp-page\" data-elementor-id=\"399\" class=\"elementor elementor-399\">\n\t\t\t\t\t\t\t\t\t<section class=\"elementor-section elementor-top-section elementor-element elementor-element-50c1dda2 elementor-section-height-min-height elementor-section-boxed elementor-section-height-default elementor-section-items-middle\" data-id=\"50c1dda2\" data-element_type=\"section\" data-settings=\"{&quot;background_background&quot;:&quot;classic&quot;}\">\n\t\t\t\t\t\t\t<div class=\"elementor-background-overlay\"><\/div>\n\t\t\t\t\t\t\t<div class=\"elementor-container elementor-column-gap-default\">\n\t\t\t\t\t<div class=\"elementor-column elementor-col-100 elementor-top-column elementor-element elementor-element-727ece3a\" data-id=\"727ece3a\" data-element_type=\"column\">\n\t\t\t<div class=\"elementor-widget-wrap elementor-element-populated\">\n\t\t\t\t\t\t\t\t<div class=\"elementor-element elementor-element-60e27aea elementor-widget-divider--view-line elementor-widget elementor-widget-divider\" data-id=\"60e27aea\" data-element_type=\"widget\" data-widget_type=\"divider.default\">\n\t\t\t\t<div class=\"elementor-widget-container\">\n\t\t\t\t\t<div class=\"elementor-divider\">\n\t\t\t<span class=\"elementor-divider-separator\">\n\t\t\t\t\t\t<\/span>\n\t\t<\/div>\n\t\t\t\t<\/div>\n\t\t\t\t<\/div>\n\t\t\t\t<div class=\"elementor-element elementor-element-b5acac6 elementor-widget elementor-widget-heading\" data-id=\"b5acac6\" data-element_type=\"widget\" data-widget_type=\"heading.default\">\n\t\t\t\t<div class=\"elementor-widget-container\">\n\t\t\t<p class=\"elementor-heading-title elementor-size-medium\">Expertise pour r\u00e9diger les documents\nsp\u00e9cifiques.<br><\/p>\t\t<\/div>\n\t\t\t\t<\/div>\n\t\t\t\t\t<\/div>\n\t\t<\/div>\n\t\t\t\t\t\t\t<\/div>\n\t\t<\/section>\n\t\t\t\t<section class=\"elementor-section elementor-top-section elementor-element elementor-element-5c90a20f elementor-section-height-min-height elementor-section-content-middle elementor-section-boxed elementor-section-height-default elementor-section-items-middle\" data-id=\"5c90a20f\" data-element_type=\"section\" data-settings=\"{&quot;background_background&quot;:&quot;classic&quot;}\">\n\t\t\t\t\t\t<div class=\"elementor-container elementor-column-gap-default\">\n\t\t\t\t\t<div class=\"elementor-column elementor-col-50 elementor-top-column elementor-element elementor-element-7671b117\" data-id=\"7671b117\" data-element_type=\"column\">\n\t\t\t<div class=\"elementor-widget-wrap elementor-element-populated\">\n\t\t\t\t\t\t\t\t<div class=\"elementor-element elementor-element-5ddac407 elementor-widget-divider--view-line elementor-widget elementor-widget-divider\" data-id=\"5ddac407\" data-element_type=\"widget\" data-widget_type=\"divider.default\">\n\t\t\t\t<div class=\"elementor-widget-container\">\n\t\t\t\t\t<div class=\"elementor-divider\">\n\t\t\t<span class=\"elementor-divider-separator\">\n\t\t\t\t\t\t<\/span>\n\t\t<\/div>\n\t\t\t\t<\/div>\n\t\t\t\t<\/div>\n\t\t\t\t<div class=\"elementor-element elementor-element-327a8727 elementor-widget elementor-widget-heading\" data-id=\"327a8727\" data-element_type=\"widget\" data-widget_type=\"heading.default\">\n\t\t\t\t<div class=\"elementor-widget-container\">\n\t\t\t<h3 class=\"elementor-heading-title elementor-size-large\">DOCUMENTS SP\u00c9CIFIQUES\n<\/h3>\t\t<\/div>\n\t\t\t\t<\/div>\n\t\t\t\t<div class=\"elementor-element elementor-element-199b4061 elementor-widget elementor-widget-text-editor\" data-id=\"199b4061\" data-element_type=\"widget\" data-widget_type=\"text-editor.default\">\n\t\t\t\t<div class=\"elementor-widget-container\">\n\t\t\t\t\t\t\t<p>Vous souhaitez connaitre la m\u00e9thodologie et les points incontournables pour produire des documents sp\u00e9cifiques. Nous produirons vos documents li\u00e9s \u00e0 la r\u00e9glementation applicable, tels que les demandes d\u2019autorisation ou de renouvellement d\u2019\u00e9quipements lourds, le document unique d\u2019\u00e9valuation des risques\u2026<\/p>\t\t\t\t\t\t<\/div>\n\t\t\t\t<\/div>\n\t\t\t\t\t<\/div>\n\t\t<\/div>\n\t\t\t\t<div class=\"elementor-column elementor-col-50 elementor-top-column elementor-element elementor-element-59f04924\" data-id=\"59f04924\" data-element_type=\"column\">\n\t\t\t<div class=\"elementor-widget-wrap elementor-element-populated\">\n\t\t\t\t\t\t\t\t<div class=\"elementor-element elementor-element-131590e1 elementor-widget elementor-widget-image\" data-id=\"131590e1\" data-element_type=\"widget\" data-widget_type=\"image.default\">\n\t\t\t\t<div class=\"elementor-widget-container\">\n\t\t\t\t\t\t\t\t\t\t\t\t\t\t\t<img decoding=\"async\" width=\"128\" height=\"128\" src=\"https:\/\/hpr-im.com\/wp-content\/uploads\/2020\/03\/1470399656_Branding.png\" class=\"attachment-1536x1536 size-1536x1536 wp-image-486\" alt=\"\" srcset=\"https:\/\/hpr-im.com\/wp-content\/uploads\/2020\/03\/1470399656_Branding.png 128w, https:\/\/hpr-im.com\/wp-content\/uploads\/2020\/03\/1470399656_Branding-75x75.png 75w\" sizes=\"(max-width: 128px) 100vw, 128px\" \/>\t\t\t\t\t\t\t\t\t\t\t\t\t\t\t<\/div>\n\t\t\t\t<\/div>\n\t\t\t\t\t<\/div>\n\t\t<\/div>\n\t\t\t\t\t\t\t<\/div>\n\t\t<\/section>\n\t\t\t\t<section class=\"elementor-section elementor-top-section elementor-element elementor-element-6c900dac elementor-section-boxed elementor-section-height-default elementor-section-height-default\" data-id=\"6c900dac\" data-element_type=\"section\">\n\t\t\t\t\t\t<div class=\"elementor-container elementor-column-gap-default\">\n\t\t\t\t\t<div class=\"elementor-column elementor-col-100 elementor-top-column elementor-element elementor-element-730f279e\" data-id=\"730f279e\" data-element_type=\"column\">\n\t\t\t<div class=\"elementor-widget-wrap elementor-element-populated\">\n\t\t\t\t\t\t\t\t<section class=\"elementor-section elementor-inner-section elementor-element elementor-element-ccf845d elementor-section-boxed elementor-section-height-default elementor-section-height-default\" data-id=\"ccf845d\" data-element_type=\"section\">\n\t\t\t\t\t\t<div class=\"elementor-container elementor-column-gap-wider\">\n\t\t\t\t\t<div class=\"elementor-column elementor-col-50 elementor-inner-column elementor-element elementor-element-40a68584\" data-id=\"40a68584\" data-element_type=\"column\">\n\t\t\t<div class=\"elementor-widget-wrap elementor-element-populated\">\n\t\t\t\t\t\t\t\t<div class=\"elementor-element elementor-element-4a1946bc elementor-position-right elementor-vertical-align-middle elementor-widget elementor-widget-image-box\" data-id=\"4a1946bc\" data-element_type=\"widget\" data-widget_type=\"image-box.default\">\n\t\t\t\t<div class=\"elementor-widget-container\">\n\t\t\t<div class=\"elementor-image-box-wrapper\"><figure class=\"elementor-image-box-img\"><img fetchpriority=\"high\" decoding=\"async\" width=\"512\" height=\"512\" src=\"https:\/\/hpr-im.com\/wp-content\/uploads\/2020\/03\/contract-3.png\" class=\"attachment-full size-full wp-image-499\" alt=\"\" srcset=\"https:\/\/hpr-im.com\/wp-content\/uploads\/2020\/03\/contract-3.png 512w, https:\/\/hpr-im.com\/wp-content\/uploads\/2020\/03\/contract-3-300x300.png 300w, https:\/\/hpr-im.com\/wp-content\/uploads\/2020\/03\/contract-3-150x150.png 150w, https:\/\/hpr-im.com\/wp-content\/uploads\/2020\/03\/contract-3-75x75.png 75w\" sizes=\"(max-width: 512px) 100vw, 512px\" \/><\/figure><div class=\"elementor-image-box-content\"><h3 class=\"elementor-image-box-title\">Demande d'autorisation<\/h3><\/div><\/div>\t\t<\/div>\n\t\t\t\t<\/div>\n\t\t\t\t<div class=\"elementor-element elementor-element-1a819b48 elementor-position-right elementor-vertical-align-middle elementor-widget elementor-widget-image-box\" data-id=\"1a819b48\" data-element_type=\"widget\" data-widget_type=\"image-box.default\">\n\t\t\t\t<div class=\"elementor-widget-container\">\n\t\t\t<div class=\"elementor-image-box-wrapper\"><figure class=\"elementor-image-box-img\"><img decoding=\"async\" width=\"512\" height=\"512\" src=\"https:\/\/hpr-im.com\/wp-content\/uploads\/2020\/03\/copyright.png\" class=\"attachment-full size-full wp-image-500\" alt=\"\" srcset=\"https:\/\/hpr-im.com\/wp-content\/uploads\/2020\/03\/copyright.png 512w, https:\/\/hpr-im.com\/wp-content\/uploads\/2020\/03\/copyright-300x300.png 300w, https:\/\/hpr-im.com\/wp-content\/uploads\/2020\/03\/copyright-150x150.png 150w, https:\/\/hpr-im.com\/wp-content\/uploads\/2020\/03\/copyright-75x75.png 75w\" sizes=\"(max-width: 512px) 100vw, 512px\" \/><\/figure><div class=\"elementor-image-box-content\"><h3 class=\"elementor-image-box-title\">R\u00e9ponses aux appels d'offres<\/h3><\/div><\/div>\t\t<\/div>\n\t\t\t\t<\/div>\n\t\t\t\t<div class=\"elementor-element elementor-element-2fe5125b elementor-position-right elementor-vertical-align-middle elementor-widget elementor-widget-image-box\" data-id=\"2fe5125b\" data-element_type=\"widget\" data-widget_type=\"image-box.default\">\n\t\t\t\t<div class=\"elementor-widget-container\">\n\t\t\t<div class=\"elementor-image-box-wrapper\"><figure class=\"elementor-image-box-img\"><img fetchpriority=\"high\" decoding=\"async\" width=\"512\" height=\"512\" src=\"https:\/\/hpr-im.com\/wp-content\/uploads\/2020\/03\/contract-3.png\" class=\"attachment-full size-full wp-image-499\" alt=\"\" srcset=\"https:\/\/hpr-im.com\/wp-content\/uploads\/2020\/03\/contract-3.png 512w, https:\/\/hpr-im.com\/wp-content\/uploads\/2020\/03\/contract-3-300x300.png 300w, https:\/\/hpr-im.com\/wp-content\/uploads\/2020\/03\/contract-3-150x150.png 150w, https:\/\/hpr-im.com\/wp-content\/uploads\/2020\/03\/contract-3-75x75.png 75w\" sizes=\"(max-width: 512px) 100vw, 512px\" \/><\/figure><div class=\"elementor-image-box-content\"><h3 class=\"elementor-image-box-title\">Renouvellement d'autorisation<\/h3><\/div><\/div>\t\t<\/div>\n\t\t\t\t<\/div>\n\t\t\t\t\t<\/div>\n\t\t<\/div>\n\t\t\t\t<div class=\"elementor-column elementor-col-50 elementor-inner-column elementor-element elementor-element-63a70665\" data-id=\"63a70665\" data-element_type=\"column\">\n\t\t\t<div class=\"elementor-widget-wrap elementor-element-populated\">\n\t\t\t\t\t\t\t\t<div class=\"elementor-element elementor-element-6b7d631d elementor-position-right elementor-vertical-align-middle elementor-widget elementor-widget-image-box\" data-id=\"6b7d631d\" data-element_type=\"widget\" data-widget_type=\"image-box.default\">\n\t\t\t\t<div class=\"elementor-widget-container\">\n\t\t\t<div class=\"elementor-image-box-wrapper\"><figure class=\"elementor-image-box-img\"><img loading=\"lazy\" decoding=\"async\" width=\"512\" height=\"512\" src=\"https:\/\/hpr-im.com\/wp-content\/uploads\/2020\/03\/checklist.png\" class=\"attachment-full size-full wp-image-501\" alt=\"\" srcset=\"https:\/\/hpr-im.com\/wp-content\/uploads\/2020\/03\/checklist.png 512w, https:\/\/hpr-im.com\/wp-content\/uploads\/2020\/03\/checklist-300x300.png 300w, https:\/\/hpr-im.com\/wp-content\/uploads\/2020\/03\/checklist-150x150.png 150w, https:\/\/hpr-im.com\/wp-content\/uploads\/2020\/03\/checklist-75x75.png 75w\" sizes=\"(max-width: 512px) 100vw, 512px\" \/><\/figure><div class=\"elementor-image-box-content\"><h3 class=\"elementor-image-box-title\">Cahier des charges<\/h3><p class=\"elementor-image-box-description\">.<\/p><\/div><\/div>\t\t<\/div>\n\t\t\t\t<\/div>\n\t\t\t\t<div class=\"elementor-element elementor-element-3c5a91d1 elementor-position-right elementor-vertical-align-middle elementor-widget elementor-widget-image-box\" data-id=\"3c5a91d1\" data-element_type=\"widget\" data-widget_type=\"image-box.default\">\n\t\t\t\t<div class=\"elementor-widget-container\">\n\t\t\t<div class=\"elementor-image-box-wrapper\"><figure class=\"elementor-image-box-img\"><img loading=\"lazy\" decoding=\"async\" width=\"512\" height=\"512\" src=\"https:\/\/hpr-im.com\/wp-content\/uploads\/2020\/03\/archive.png\" class=\"attachment-full size-full wp-image-502\" alt=\"\" srcset=\"https:\/\/hpr-im.com\/wp-content\/uploads\/2020\/03\/archive.png 512w, https:\/\/hpr-im.com\/wp-content\/uploads\/2020\/03\/archive-300x300.png 300w, https:\/\/hpr-im.com\/wp-content\/uploads\/2020\/03\/archive-150x150.png 150w, https:\/\/hpr-im.com\/wp-content\/uploads\/2020\/03\/archive-75x75.png 75w\" sizes=\"(max-width: 512px) 100vw, 512px\" \/><\/figure><div class=\"elementor-image-box-content\"><h3 class=\"elementor-image-box-title\">Document unique d'\u00e9valuation des risques<\/h3><\/div><\/div>\t\t<\/div>\n\t\t\t\t<\/div>\n\t\t\t\t\t<\/div>\n\t\t<\/div>\n\t\t\t\t\t\t\t<\/div>\n\t\t<\/section>\n\t\t\t\t\t<\/div>\n\t\t<\/div>\n\t\t\t\t\t\t\t<\/div>\n\t\t<\/section>\n\t\t\t\t\t\t\t<\/div>\n\t\t","protected":false},"excerpt":{"rendered":"<p>Expertise pour r\u00e9diger les documents sp\u00e9cifiques. DOCUMENTS SP\u00c9CIFIQUES Vous souhaitez connaitre la m\u00e9thodologie et les points incontournables pour produire des documents sp\u00e9cifiques. Nous produirons vos documents li\u00e9s \u00e0 la r\u00e9glementation applicable, tels que les demandes d\u2019autorisation ou de renouvellement d\u2019\u00e9quipements lourds, le document unique d\u2019\u00e9valuation des risques\u2026 Demande d&rsquo;autorisation R\u00e9ponses aux appels d&rsquo;offres Renouvellement d&rsquo;autorisation Cahier des charges . Document unique d&rsquo;\u00e9valuation des risques<\/p>\n","protected":false},"author":1,"featured_media":0,"parent":0,"menu_order":0,"comment_status":"closed","ping_status":"closed","template":"","meta":{"_aioseo_title":"","_aioseo_description":"","content-type":"","footnotes":""},"class_list":["post-399","page","type-page","status-publish"],"yoast_head":"<!-- This site is optimized with the Yoast SEO plugin v24.9 - https:\/\/yoast.com\/wordpress\/plugins\/seo\/ -->\n<title>R\u00e9dactionnel - Hpr-im Conseil<\/title>\n<meta name=\"robots\" content=\"index, follow, max-snippet:-1, max-image-preview:large, max-video-preview:-1\" \/>\n<link rel=\"canonical\" href=\"https:\/\/hpr-im.com\/?page_id=399\" \/>\n<meta property=\"og:locale\" content=\"fr_FR\" \/>\n<meta property=\"og:type\" content=\"article\" \/>\n<meta property=\"og:title\" content=\"R\u00e9dactionnel - Hpr-im Conseil\" \/>\n<meta property=\"og:description\" content=\"Expertise pour r\u00e9diger les documents sp\u00e9cifiques. DOCUMENTS SP\u00c9CIFIQUES Vous souhaitez connaitre la m\u00e9thodologie et les points incontournables pour produire des documents sp\u00e9cifiques. Nous produirons vos documents li\u00e9s \u00e0 la r\u00e9glementation applicable, tels que les demandes d\u2019autorisation ou de renouvellement d\u2019\u00e9quipements lourds, le document unique d\u2019\u00e9valuation des risques\u2026 Demande d&rsquo;autorisation R\u00e9ponses aux appels d&rsquo;offres Renouvellement d&rsquo;autorisation Cahier des charges . Document unique d&rsquo;\u00e9valuation des risques\" \/>\n<meta property=\"og:url\" content=\"https:\/\/hpr-im.com\/?page_id=399\" \/>\n<meta property=\"og:site_name\" content=\"Hpr-im Conseil\" \/>\n<meta property=\"article:modified_time\" content=\"2020-03-25T10:58:05+00:00\" \/>\n<meta property=\"og:image\" content=\"https:\/\/hpr-im.com\/wp-content\/uploads\/2020\/03\/1470399656_Branding.png\" \/>\n<meta name=\"twitter:card\" content=\"summary_large_image\" \/>\n<script type=\"application\/ld+json\" class=\"yoast-schema-graph\">{\"@context\":\"https:\/\/schema.org\",\"@graph\":[{\"@type\":\"WebPage\",\"@id\":\"https:\/\/hpr-im.com\/?page_id=399\",\"url\":\"https:\/\/hpr-im.com\/?page_id=399\",\"name\":\"R\u00e9dactionnel - Hpr-im Conseil\",\"isPartOf\":{\"@id\":\"https:\/\/hpr-im.com\/#website\"},\"primaryImageOfPage\":{\"@id\":\"https:\/\/hpr-im.com\/?page_id=399#primaryimage\"},\"image\":{\"@id\":\"https:\/\/hpr-im.com\/?page_id=399#primaryimage\"},\"thumbnailUrl\":\"https:\/\/hpr-im.com\/wp-content\/uploads\/2020\/03\/1470399656_Branding.png\",\"datePublished\":\"2020-03-24T17:14:52+00:00\",\"dateModified\":\"2020-03-25T10:58:05+00:00\",\"breadcrumb\":{\"@id\":\"https:\/\/hpr-im.com\/?page_id=399#breadcrumb\"},\"inLanguage\":\"fr-FR\",\"potentialAction\":[{\"@type\":\"ReadAction\",\"target\":[\"https:\/\/hpr-im.com\/?page_id=399\"]}]},{\"@type\":\"ImageObject\",\"inLanguage\":\"fr-FR\",\"@id\":\"https:\/\/hpr-im.com\/?page_id=399#primaryimage\",\"url\":\"https:\/\/hpr-im.com\/wp-content\/uploads\/2020\/03\/1470399656_Branding.png\",\"contentUrl\":\"https:\/\/hpr-im.com\/wp-content\/uploads\/2020\/03\/1470399656_Branding.png\",\"width\":128,\"height\":128},{\"@type\":\"BreadcrumbList\",\"@id\":\"https:\/\/hpr-im.com\/?page_id=399#breadcrumb\",\"itemListElement\":[{\"@type\":\"ListItem\",\"position\":1,\"name\":\"Home\",\"item\":\"https:\/\/hpr-im.com\/\"},{\"@type\":\"ListItem\",\"position\":2,\"name\":\"R\u00e9dactionnel\"}]},{\"@type\":\"WebSite\",\"@id\":\"https:\/\/hpr-im.com\/#website\",\"url\":\"https:\/\/hpr-im.com\/\",\"name\":\"Hpr-im Conseil\",\"description\":\"CONSULTING\",\"publisher\":{\"@id\":\"https:\/\/hpr-im.com\/#organization\"},\"potentialAction\":[{\"@type\":\"SearchAction\",\"target\":{\"@type\":\"EntryPoint\",\"urlTemplate\":\"https:\/\/hpr-im.com\/?s={search_term_string}\"},\"query-input\":{\"@type\":\"PropertyValueSpecification\",\"valueRequired\":true,\"valueName\":\"search_term_string\"}}],\"inLanguage\":\"fr-FR\"},{\"@type\":\"Organization\",\"@id\":\"https:\/\/hpr-im.com\/#organization\",\"name\":\"HPR-IM Conseil\",\"url\":\"https:\/\/hpr-im.com\/\",\"logo\":{\"@type\":\"ImageObject\",\"inLanguage\":\"fr-FR\",\"@id\":\"https:\/\/hpr-im.com\/#\/schema\/logo\/image\/\",\"url\":\"https:\/\/hpr-im.com\/wp-content\/uploads\/2020\/12\/cropped-logo_HPRIM_gris-bleu-2-1.png\",\"contentUrl\":\"https:\/\/hpr-im.com\/wp-content\/uploads\/2020\/12\/cropped-logo_HPRIM_gris-bleu-2-1.png\",\"width\":1473,\"height\":619,\"caption\":\"HPR-IM Conseil\"},\"image\":{\"@id\":\"https:\/\/hpr-im.com\/#\/schema\/logo\/image\/\"},\"sameAs\":[\"https:\/\/www.linkedin.com\/company\/68813876\/admin\/\"]}]}<\/script>\n<!-- \/ Yoast SEO plugin. -->","yoast_head_json":{"title":"R\u00e9dactionnel - Hpr-im Conseil","robots":{"index":"index","follow":"follow","max-snippet":"max-snippet:-1","max-image-preview":"max-image-preview:large","max-video-preview":"max-video-preview:-1"},"canonical":"https:\/\/hpr-im.com\/?page_id=399","og_locale":"fr_FR","og_type":"article","og_title":"R\u00e9dactionnel - Hpr-im Conseil","og_description":"Expertise pour r\u00e9diger les documents sp\u00e9cifiques. DOCUMENTS SP\u00c9CIFIQUES Vous souhaitez connaitre la m\u00e9thodologie et les points incontournables pour produire des documents sp\u00e9cifiques. Nous produirons vos documents li\u00e9s \u00e0 la r\u00e9glementation applicable, tels que les demandes d\u2019autorisation ou de renouvellement d\u2019\u00e9quipements lourds, le document unique d\u2019\u00e9valuation des risques\u2026 Demande d&rsquo;autorisation R\u00e9ponses aux appels d&rsquo;offres Renouvellement d&rsquo;autorisation Cahier des charges . Document unique d&rsquo;\u00e9valuation des risques","og_url":"https:\/\/hpr-im.com\/?page_id=399","og_site_name":"Hpr-im Conseil","article_modified_time":"2020-03-25T10:58:05+00:00","og_image":[{"url":"https:\/\/hpr-im.com\/wp-content\/uploads\/2020\/03\/1470399656_Branding.png","type":"","width":"","height":""}],"twitter_card":"summary_large_image","schema":{"@context":"https:\/\/schema.org","@graph":[{"@type":"WebPage","@id":"https:\/\/hpr-im.com\/?page_id=399","url":"https:\/\/hpr-im.com\/?page_id=399","name":"R\u00e9dactionnel - Hpr-im Conseil","isPartOf":{"@id":"https:\/\/hpr-im.com\/#website"},"primaryImageOfPage":{"@id":"https:\/\/hpr-im.com\/?page_id=399#primaryimage"},"image":{"@id":"https:\/\/hpr-im.com\/?page_id=399#primaryimage"},"thumbnailUrl":"https:\/\/hpr-im.com\/wp-content\/uploads\/2020\/03\/1470399656_Branding.png","datePublished":"2020-03-24T17:14:52+00:00","dateModified":"2020-03-25T10:58:05+00:00","breadcrumb":{"@id":"https:\/\/hpr-im.com\/?page_id=399#breadcrumb"},"inLanguage":"fr-FR","potentialAction":[{"@type":"ReadAction","target":["https:\/\/hpr-im.com\/?page_id=399"]}]},{"@type":"ImageObject","inLanguage":"fr-FR","@id":"https:\/\/hpr-im.com\/?page_id=399#primaryimage","url":"https:\/\/hpr-im.com\/wp-content\/uploads\/2020\/03\/1470399656_Branding.png","contentUrl":"https:\/\/hpr-im.com\/wp-content\/uploads\/2020\/03\/1470399656_Branding.png","width":128,"height":128},{"@type":"BreadcrumbList","@id":"https:\/\/hpr-im.com\/?page_id=399#breadcrumb","itemListElement":[{"@type":"ListItem","position":1,"name":"Home","item":"https:\/\/hpr-im.com\/"},{"@type":"ListItem","position":2,"name":"R\u00e9dactionnel"}]},{"@type":"WebSite","@id":"https:\/\/hpr-im.com\/#website","url":"https:\/\/hpr-im.com\/","name":"Hpr-im Conseil","description":"CONSULTING","publisher":{"@id":"https:\/\/hpr-im.com\/#organization"},"potentialAction":[{"@type":"SearchAction","target":{"@type":"EntryPoint","urlTemplate":"https:\/\/hpr-im.com\/?s={search_term_string}"},"query-input":{"@type":"PropertyValueSpecification","valueRequired":true,"valueName":"search_term_string"}}],"inLanguage":"fr-FR"},{"@type":"Organization","@id":"https:\/\/hpr-im.com\/#organization","name":"HPR-IM Conseil","url":"https:\/\/hpr-im.com\/","logo":{"@type":"ImageObject","inLanguage":"fr-FR","@id":"https:\/\/hpr-im.com\/#\/schema\/logo\/image\/","url":"https:\/\/hpr-im.com\/wp-content\/uploads\/2020\/12\/cropped-logo_HPRIM_gris-bleu-2-1.png","contentUrl":"https:\/\/hpr-im.com\/wp-content\/uploads\/2020\/12\/cropped-logo_HPRIM_gris-bleu-2-1.png","width":1473,"height":619,"caption":"HPR-IM Conseil"},"image":{"@id":"https:\/\/hpr-im.com\/#\/schema\/logo\/image\/"},"sameAs":["https:\/\/www.linkedin.com\/company\/68813876\/admin\/"]}]}},"_links":{"self":[{"href":"https:\/\/hpr-im.com\/index.php?rest_route=\/wp\/v2\/pages\/399","targetHints":{"allow":["GET"]}}],"collection":[{"href":"https:\/\/hpr-im.com\/index.php?rest_route=\/wp\/v2\/pages"}],"about":[{"href":"https:\/\/hpr-im.com\/index.php?rest_route=\/wp\/v2\/types\/page"}],"author":[{"embeddable":true,"href":"https:\/\/hpr-im.com\/index.php?rest_route=\/wp\/v2\/users\/1"}],"replies":[{"embeddable":true,"href":"https:\/\/hpr-im.com\/index.php?rest_route=%2Fwp%2Fv2%2Fcomments&post=399"}],"version-history":[{"count":6,"href":"https:\/\/hpr-im.com\/index.php?rest_route=\/wp\/v2\/pages\/399\/revisions"}],"predecessor-version":[{"id":506,"href":"https:\/\/hpr-im.com\/index.php?rest_route=\/wp\/v2\/pages\/399\/revisions\/506"}],"wp:attachment":[{"href":"https:\/\/hpr-im.com\/index.php?rest_route=%2Fwp%2Fv2%2Fmedia&parent=399"}],"curies":[{"name":"wp","href":"https:\/\/api.w.org\/{rel}","templated":true}]}}